nder when 362705 is divided by 255?
95
What is the remainder when 54568 is divided by 26888?
792
What is the remainder when 42473 is divided by 4890?
3353
What is the remainder when 94179082 is divided by 113196?
10
What is the remainder when 26775 is divided by 7818?
3321
What is the remainder when 21415421 is divided by 2741?
2729
Calculate the remainder when 6351948 is divided by 1735.
113
What is the remainder when 17593604 is divided by 89?
84
What is the remainder when 195143 is divided by 716?
391
What is the remainder when 152407 is divided by 50780?
67
What is the remainder when 4318787 is divided by 89966?
419
What is the remainder when 1007093 is divided by 334964?
2201
What is the remainder when 3726542 is divided by 55620?
2
Calculate the remainder when 39382152 is divided by 44.
40
What is the remainder when 2045820 is divided by 1501?
1458
Calculate the remainder when 218110 is divided by 1205.
5
What is the remainder when 23176653 is divided by 14?
3
Calculate the remainder when 44897 is divided by 323.
0
What is the remainder when 229390932 is divided by 111?
108
What is the remainder when 129166102 is divided by 592505?
12
What is the remainder when 4658897 is divided by 1480?
1337
Calculate the remainder when 506065 is divided by 9921.
94
What is the remainder when 3093022 is divided by 1671?
1
What is the remainder when 167965 is divided by 2337?
2038
What is the remainder when 388076 is divided by 43?
1
Calculate the remainder when 50791 is divided by 25269.
253
What is the remainder when 10961 is divided by 4913?
1135
Calculate the remainder when 1201937 is divided by 23.
3
What is the remainder when 219100 is divided by 18258?
4
What is the remainder when 1079921 is divided by 35?
31
What is the remainder when 245999 is divided by 625?
374
Calculate the remainder when 3437766 is divided by 1718880.
6
What is the remainder when 1111381 is divided by 34730?
21
What is the remainder when 1426171 is divided by 5364?
4711
What is the remainder when 56083 is divided by 2971?
2605
Calculate the remainder when 25372846 is divided by 12.
10
Calculate the remainder when 921409 is divided by 184251.
154
What is the remainder when 1677703 is divided by 5082?
643
Calculate the remainder when 4589134 is divided by 764818.
226
Calculate the remainder when 374974 is divided by 7190.
1094
What is the remainder when 627611471 is divided by 664?
663
Calculate the remainder when 149082 is divided by 1072.
74
What is the remainder when 101795401 is divided by 113106?
1
Calculate the remainder when 91079 is divided by 198.
197
What is the remainder when 47492637 is divided by 3870?
3867
What is the remainder when 64521524 is divided by 2389685?
29
What is the remainder when 21462490 is divided by 169?
166
Calculate the remainder when 6127190 is divided by 1021195.
20
What is the remainder when 136182 is divided by 1815?
57
Calculate the remainder when 12559534 is divided by 1645.
1604
Calculate the remainder when 145263624 is divided by 325.
324
What is the remainder when 278312 is divided by 251?
204
Calculate the remainder when 5934723 is divided by 938.
935
What is the remainder when 8648160 is divided by 1943?
1810
Calculate the remainder when 14134653 is divided by 5170.
5043
Calculate the remainder when 348718 is divided by 1297.
1122
What is the remainder when 15698156 is divided by 5232693?
77
Calculate the remainder when 28450 is divided by 79.
10
Calculate the remainder when 1078895 is divided by 68.
7
What is the remainder when 75995 is divided by 12583?
497
What is the remainder when 446179 is divided by 3567?
304
What is the remainder when 4183542 is divided by 522941?
14
Calculate the remainder when 3468368571 is divided by 118.
117
What is the remainder when 3043897 is divided by 2560?
57
What is the remainder when 209784 is divided by 4660?
84
Calculate the remainder when 149367498 is divided by 625.
623
Calculate the remainder when 7247693 is divided by 1867.
1866
Calculate the remainder when 32121197 is divided by 1090.
1077
Calculate the remainder when 15404118 is divided by 2812.
2794
What is the remainder when 35712996 is divided by 506?
22
Calculate the remainder when 31400479 is divided by 1620.
19
Calculate the remainder when 375691 is divided by 4129.
4081
Calculate the remainder when 105304 is divided by 143.
56
Calculate the remainder when 51148654 is divided by 487.
18
What is the remainder when 30053058 is divided by 75?
33
Calculate the remainder when 13471443 is divided by 13471320.
123
Calculate the remainder when 105487 is divided by 320.
207
Calculate the remainder when 1281453 is divided by 426900.
753
What is the remainder when 118545 is divided by 29584?
209
What is the remainder when 1452372 is divided by 207478?
26
What is the remainder when 211768 is divided by 1064?
32
What is the remainder when 3877995 is divided by 875?
870
What is the remainder when 169604 is divided by 323?
29
What is the remainder when 4462748 is divided by 1832?
1828
What is the remainder when 514655 is divided by 46784?
31
Calculate the remainder when 5479556 is divided by 2159.
14
What is the remainder when 26733626 is divided by 42034?
2
What is the remainder when 22631 is divided by 1584?
455
What is the remainder when 3270048 is divided by 2603?
680
What is the remainder when 107745 is divided by 35235?
2040
Calculate the remainder when 242466 is divided by 869.
15
What is the remainder when 15978475 is divided by 1775384?
19
What is the remainder when 399125740 is divided by 765?
760
Calculate the remainder when 593775 is divided by 87.
0
Calculate the remainder when 112360635 is divided by 64.
59
Calculate the remainder when 188847 is divided by 37534.
1177
What is the remainder when 30347 is divided by 30098?
249
What is the remainder when 33026780 is divided by 11008917?
29
Calculate the remainder when 1109952 is divided by 554780.
392
Calculate the remainder when 141412 is divided by 184.
100
What is the remainder when 2116664 is divided by 34?
28
Calculate the remainder when 4277169 is divided by 232.
17
What is the remainder when 8367904 is divided by 1480?
1464
What is the remainder when 5993219 is divided by 60?
59
Calculate the remainder when 54361251 is divided by 67.
64
What is the remainder when 1551172 is divided by 775459?
254
What is the remainder when 38688 is divided by 38553?
135
What is the remainder when 234734 is divided by 8024?
2038
Calculate the remainder when 267929 is divided by 267316.
613
What is the remainder when 223246 is divided by 74331?
253
Calculate the remainder when 55518737 is divided by 27759355.
27
Calculate the remainder when 335280 is divided by 36.
12
What is the remainder when 73079 is divided by 72813?
266
What is the remainder when 103819 is divided by 2409?
232
Calculate the remainder when 236267 is divided by 2275.
1942
What is the remainder when 14378112 is divided by 958540?
12
What is the remainder when 233415061 is divided by 203?
180
What is the remainder when 443559 is divided by 2?
1
What is the remainder when 1360257 is divided by 1884?
9
Calculate the remainder when 5618445 is divided by 185.
180
Calculate the remainder when 21558037 is divided by 829155.
7
What is the remainder when 229532 is divided by 1793?
28
What is the remainder when 221805083 is divided by 13?
6
Calculate the remainder when 1060060610 is divided by 9113.
9111
What is the remainder when 20992616 is divided by 935?
931
Calculate the remainder when 1819395 is divided by 354.
189
What is the remainder when 1615975 is divided by 631?
615
Calculate the remainder when 143009269 is divided by 284879.
11
What is the remainder when 191268 is divided by 13661?
14
What is the remainder when 113411 is divided by 37772?
95
Calculate the remainder when 605537 is divided by 926.
859
What is the remainder when 1244334 is divided by 47?
9
What is the remainder when 6643 is divided by 1219?
548
What is the remainder when 32202 is divided by 1599?
222
Calculate the remainder when 75503 is divided by 2436.
2423
Calculate the remainder when 5656177 is divided by 2827916.
345
Calculate the remainder when 23739853 is divided by 10684.
5
Calculate the remainder when 18572963 is divided by 6744.
6731
Calculate the 